y m?
5
Let z(h) = h**3 + 6*h**2 - h - 3. Let f be z(-6). Let p be 3/(-9)*0 + f. Suppose -p*n = n - 112. What is the remainder when n is divided by 10?
8
Let k(o) = -4 + 37*o + 1 + 3 + 7. What is the remainder when k(3) is divided by 30?
28
Suppose 4*y - 1060 = -4*l, 5*l + 3*y = -0*y + 1331. What is the remainder when l is divided by 30?
28
Let k be 3/(3*2/4). Suppose -3*t + 24 = -k*r - 2*r, t - 5*r = 19. Calculate the remainder when 10 is divided by t.
2
Suppose 1 + 2 = -t. Let v = 17 + t. Calculate the remainder when v is divided by 5.
4
Suppose -18 = 77*j - 79*j. Calculate the remainder when 24 is divided by j.
6
Let m(d) = -8*d + 1. Suppose -2*k - 85 = -5*v - 3*k, 0 = -3*v - 2*k + 51. Let w = v + -10. Calculate the remainder when m(-3) is divided by w.
4
Let g = -87 + 124. Calculate the remainder when g is divided by 14.
9
Let r(a) = a**2 + 8*a + 2. What is the remainder when r(-11) is divided by 12?
11
Let q(r) be the third derivative of -r**5/60 + r**3/2 - r**2. Let o be q(0). Suppose 12 = o*z + z. Calculate the remainder when 8 is divided by z.
2
Let q(w) = -w**3 + 5*w**2 + w + 4. Suppose 3*a = -v + 4*a + 7, 3*v - 36 = -2*a. Calculate the remainder when q(3) is divided by v.
5
Let w = 4 + 24. Suppose 0 = 11*k - 9*k - w. What is the remainder when 26 is divided by k?
12
Let s(i) = 14*i - 1. Let l be s(2). Let k be (0/(-1) - 1) + 5. Suppose -l = -b + k. What is the remainder when b is divided by 11?
9
Let q(z) = 4031*z + 261. Let h(v) = -31*v - 2. Let o(y) = -261*h(y) - 2*q(y). What is the remainder when o(1) is divided by 15?
14
Suppose -171 = -0*h - 3*h. Suppose 3*p = 83 + 466. Suppose -h + p = 3*b. Calculate the remainder when b is divided by 22.
20
What is the remainder when 33/(-22)*(-188)/6 is divided by 25?
22
Let v = -7 + 8. Let o = v - -3. What is the remainder when o is divided by 10/6 - (-2)/6?
0
Let s be 1*(0 + 7 + -2). Suppose -p = s*g - 60, 5*p - 20 = 5. Calculate the remainder when 21 is divided by g.
10
Suppose -645 = -4*b - b. Calculate the remainder when b is divided by 22.
19
Let p = 31 - 1. Calculate the remainder when 119 is divided by p.
29
Let h = 791 - 513. Calculate the remainder when h is divided by 20.
18
Let b = -39 + 59. Calculate the remainder when b is divided by 8.
4
Let n be -2 + (3 - -1) - -2. Suppose -2*t + 17 = -u, n*t - u + 25 - 62 = 0. What is the remainder when 29 is divided by t?
9
Suppose 6*f = 2*f + 16. Suppose f - 9 = m, 15 = 2*o + 5*m. Let x(w) = 5*w**2 - 11*w - 20. What is the remainder when x(-3) is divided by o?
18
Suppose 5*k - 4 = 6. Let m = -6 - -14. Suppose -m - 14 = -k*v. Calculate the remainder when 20 is divided by v.
9
What is the remainder when (52/(-16) - -1)*-4 is divided by 4?
1
Suppose -w + 12 - 4 = 0. Suppose 2*g - 29 = 17. Calculate the remainder when g is divided by w.
7
Suppose -2*k + 4*p = -28, 20 = 5*k - 2*p - 58. Suppose o + 0*o = k. Calculate the remainder when 45 is divided by o.
13
What is the remainder when ((-39)/(-6))/(1/6) is divided by 20?
19
Let w(q) = 4*q + 1. Suppose -b = 4*b. Suppose b = 4*u - u - 108. What is the remainder when u is divided by w(3)?
10
Calculate the remainder when 138 is divided by ((-12)/2 - -5)*(-94)/2.
44
Suppose -5*l = -2*l - 42. What is the remainder when 54 is divided by l?
12
Suppose 184 - 196 = -4*l. What is the remainder when 4 is divided by l?
1
Let v = -16 + 11. Let h = 15 + v. Calculate the remainder when h is divided by 6.
4
What is the remainder when 59 is divided by ((-52)/(-10))/((-14)/(-70))?
7
Let r be 4 - (1 + 1) - 0. Let l be ((-1)/(-3))/(5/(-30)). Calculate the remainder when 1 is divided by (l/4)/(r/(-4)).
0
Calculate the remainder when (-1)/((-340)/168 - -2) is divided by 15.
12
Let y = 1 - -30. What is the remainder when y is divided by 18?
13
Let d = -114 - -129. Calculate the remainder when 102 is divided by d.
12
Let n(x) = -9*x - 49. What is the remainder when 198 is divided by n(-11)?
48
Let m = -264 + 323. Suppose 116 = 5*k + 4*x, 2*k = 2*x + 21 + 11. Calculate the remainder when m is divided by k.
19
Let w(g) = -g - 6. Let s be w(-5). Let q be ((-5)/(-3) + s)*69. Suppose -4*m - q = -6*m. Calculate the remainder when m is divided by 13.
10
Suppose 6 = 2*n + n. Let w(i) = -3*i + 1 + 4*i**3 + 5*i**n - 2*i**3 + 2*i**2 - 3*i**3. Calculate the remainder when w(3) is divided by 10.
8
Suppose -6*b = -16 - 26. What is the remainder when 708/28 - (-2)/(-7) is divided by b?
4
Suppose 3*s + k - 3 = 6*k, 4*s = 4*k + 4. Suppose 3*c - 2 = s. What is the remainder when c is divided by 1?
0
Let p(a) = 2*a. Calculate the remainder when p(10) is divided by 7.
6
Let j(g) = 2*g**3 - 4*g**2 + 5*g + 1. Let y be j(4). Suppose -y = -4*v + 39. Calculate the remainder when v is divided by 16.
15
Let s(j) = -j**2 + j + 21. Suppose 15 = 3*y, 0 = 3*b - 4*y + 1 - 17. What is the remainder when s(0) is divided by b?
9
Suppose -9 = -3*j + 15. Let a(k) be the second derivative of -k**4/12 + 11*k**3/6 - 5*k**2 - 3*k. Calculate the remainder when 26 is divided by a(j).
12
Suppose j - 3*g = -g + 75, -3*j = 3*g - 207. What is the remainder when j is divided by 24?
23
Let p = -80 + 82. What is the remainder when 5 is divided by p?
1
Suppose -2*r + 66 = d, -d = 2*d - 2*r - 230. Calculate the remainder when d is divided by 19.
17
Let g = 5 + -5. Suppose g = c + 5*f + 2, 3*c = 2*f - 7*f + 14. Let i(y) = 7*y. What is the remainder when i(2) is divided by c?
6
Let l(n) = n**3 - 5*n**2 + 8*n - 4. Suppose 2*r = 3*r - 5. Let t be l(r). Calculate the remainder when 47 is divided by (-284)/(-18) - (-8)/t.
15
Let q be (-2 - -1)*5/(-1). What is the remainder when (0 + (-48)/(-10))*q is divided by 1/4 - 102/(-8)?
11
Let r(s) be the third derivative of s**5/10 - s**4/12 + s**3/3 + 7*s**2. What is the remainder when 11 is divided by r(1)?
5
Suppose -10*v + 72 = -28. What is the remainder when 48 is divided by v?
8
Let f be (1 + 0)/((-2)/(-8)). Let m = -12 + f. Let o = 10 + m. What is the remainder when 2 is divided by o?
0
Suppose 2*i + 5*a - 45 = 0, -2*a + 8 + 13 = i. Let x(r) = -15*r - 1. What is the remainder when x(-3) is divided by i?
14
Suppose 0 = -d - 4*d + 4*f + 72, 0 = -3*d - 5*f + 21. What is the remainder when d is divided by 5?
2
Let p = 100 + -51. Calculate the remainder when p is divided by 17.
15
Let a be 4/(2/(2*18)). Suppose -a = v - 5*v. Let p = 17 - 7. Calculate the remainder when v is divided by p.
8
Suppose 57 = b + 2*l, -3*b + 0*l + 2*l + 147 = 0. Suppose -4*t - 12 = 0, -5*f - t - 45 = -2*f. Let n = f + b. Calculate the remainder when n is divided by 13.
11
Suppose -4*f = 13 - 29. Suppose 6 = f*j + 2. What is the remainder when 4/2 - (1 - 0) is divided by j?
0
Let a(i) be the second derivative of -i**3/6 + 2*i. Let j be a(-2). Suppose j = -w + 10. Calculate the remainder when 23 is divided by w.
7
Let u(w) = 14*w**2 - 1. Let s be u(2). Let o = 83 - s. Let d = 100 + -90. What is the remainder when o is divided by d?
8
Let j = 25 + -7. Calculate the remainder when 33 is divided by j.
15
Suppose -18 = -p - 0*p. Calculate the remainder when p is divided by 4.
2
Suppose -s = 3, 0 = -3*t + 3*s + 33 + 21. Let y(o) = -o**3 + 4*o**2 + o - 1. Let c be y(3). Let n = 38 - c. Calculate the remainder when n is divided by t.
12
Suppose -17 = -5*m + 53. What is the remainder when 40 is divided by m?
12
Let w(h) = -20*h**2. Let m be w(1). Suppose 9 + 15 = -2*k. Let t = k - m. Calculate the remainder when 15 is divided by t.
7
Calculate the remainder when 39 is divided by 6 + (3 + 13)/4.
9
Suppose -6 + 18 = 3*i + 2*h, -5*i + 2*h = -4. Let o = 4 - 10. What is the remainder when (o/(-4))/((-1)/(-2)) is divided by i?
1
Let a(s) = -s**3 + s**2 + s + 2. Let t be a(0). Calculate the remainder when t/6 + (-164)/(-12) is divided by 5.
4
Suppose 0 = -6*d + 85 + 131. Calculate the remainder when d is divided by (-2)/(-6) + 38/3.
10
Let f(o) = o**3 - 4. Let g be f(3). Let w(s) = -s**3 + 5*s**2 + 6*s + 9. Let t be w(6). Let r = t + g. Calculate the remainder when r is divided by 11.
10
Let c(x) = -x**2 + 22*x - 23. Calculate the remainder when 98 is divided by c(20).
13
Let b be (9/15)/((-1)/5). What is the remainder when 40 is divided by 0 + 11 + b/(-1)?
12
Let p = 18 - 8. Let g be ((-6)/(-15))/(2/p). Suppose 3*o - 4*y - 52 = 0, 3*o + g*o - 68 = 2*y. What is the remai